ine i(31).
-12
Let g(m) = m**2 - 59*m - 27857. Calculate g(-140).
3
Let z(g) = g**3 + 82*g**2 - 85*g - 412. Calculate z(-83).
-246
Let j(r) = -11*r**3 - 153*r**2 + 247*r + 11. What is j(-16)?
1947
Let c(j) = 3*j**3 - 186*j**2 + 371*j + 75. Determine c(60).
735
Let b(x) = -41*x**2 - 18428*x - 36853. What is b(-2)?
-161
Let d(o) = 25*o**2 + 3023*o + 48264. What is d(-102)?
18
Let x(v) = 32005*v - 128011. What is x(4)?
9
Let h(a) = 3742*a + 565051. Calculate h(-151).
9
Let i(m) = 3*m**2 - 1053*m - 5298. Determine i(356).
42
Let o(g) = -g**3 - 51*g**2 + 75*g - 204. Determine o(-53).
1439
Let m(q) = -q**3 - 100*q**2 + 6*q + 563. Give m(-100).
-37
Let z(c) = 2*c**3 + 231*c**2 + 120*c - 2257. What is z(-115)?
-2832
Let d(q) = 80958*q + 890533. Give d(-11).
-5
Let y(u) = -3*u**3 - 924*u**2 - 7197*u + 922. What is y(-300)?
22
Let j(m) = 507*m**2 - 32*m - 38. Give j(-1).
501
Let f(a) = -2*a**3 + 571*a**2 - 836*a - 6441. Give f(284).
-1897
Let g(y) = 234741*y + 4694864. Calculate g(-20).
44
Let c(r) = -2*r**3 + 176*r**2 - 506*r - 115883. What is c(74)?
1
Let d(g) = 114496*g - 11564095. What is d(101)?
1
Let d(h) = -41*h**2 + 344*h - 523. Determine d(2).
1
Let h(j) = -2*j**3 + 43*j**2 - 173*j - 118. What is h(9)?
350
Let w(m) = -2*m**3 + 27*m**2 + 171*m - 1274. Give w(5).
6
Let i(g) = -3*g**3 - 32*g**2 - 340*g - 7915. Calculate i(-15).
110
Let n(p) = 21*p**3 + p**2 - 579*p + 580. Determine n(1).
23
Let c(r) = 54*r**3 + 1777*r**2 + 368*r + 17590. Calculate c(-33).
1
Let n(o) = -134083*o - 1743081. Give n(-13).
-2
Let s(x) = 142663*x + 1141084. Give s(-8).
-220
Let i(x) = 4260*x + 21423. Calculate i(-5).
123
Let b(i) = -193*i + 12201. What is b(42)?
4095
Let h(y) = 38888*y - 194201. Give h(5).
239
Let t(i) = 2*i**3 - 454*i**2 - 26364*i - 9903. Give t(275).
-3
Let r(m) = 2*m**3 - 383*m**2 - 4674*m + 1028. Calculate r(203).
13
Let x(f) = 1192*f + 22441. Give x(-23).
-4975
Let l(n) = -9780*n - 850871. Determine l(-87).
-11
Let z(k) = -654*k + 84367. What is z(129)?
1
Let j(k) = -4*k**2 + 1228*k + 12832. What is j(317)?
152
Let x(s) = -122*s**3 + 612*s**2 - 9*s - 4. Calculate x(5).
1
Let k(t) = t**3 - 28*t**2 + 305*t - 7415. What is k(27)?
91
Let u(b) = 6062*b + 27906. Calculate u(-5).
-2404
Let m(t) = 34*t**2 - 867*t - 20. Determine m(24).
-1244
Let q(g) = -91*g - 1013. Calculate q(-17).
534
Let v(h) = 2*h**2 - 118*h + 1452. What is v(18)?
-24
Let a(b) = -383*b**2 - 6339*b - 6350. Calculate a(-1).
-394
Let t(f) = -f**2 + 1951*f - 167441. Determine t(90).
49
Let l(c) = -93355*c - 1400304. Determine l(-15).
21
Let v(g) = -1258*g + 11818. Determine v(10).
-762
Let o(a) = 565*a - 3348. What is o(6)?
42
Let q(z) = -4*z**3 + 44*z**2 - 319*z + 13. Give q(6).
-1181
Let h(w) = 2*w**2 + 284*w + 10894. Calculate h(-56).
1262
Let c(h) = 103*h - 16601. Determine c(162).
85
Let t(j) = 14*j**2 + 509*j + 2677. What is t(-30)?
7
Let g(d) = -2*d**3 + 228*d**2 + 228*d + 276. Calculate g(115).
46
Let f(u) = -1274*u - 58488. What is f(-44)?
-2432
Let p(f) = 536*f - 1792. Calculate p(5).
888
Let h(o) = 6550*o - 157231. What is h(24)?
-31
Let d(u) = -3*u**2 - 31525*u - 63045. Determine d(-2).
-7
Let l(u) = u**2 + 101*u + 131. Give l(-14).
-1087
Let i(c) = -551*c + 86520. Calculate i(157).
13
Let p(x) = 2*x**3 - 115*x**2 - 218*x + 2413. Give p(59).
-6
Let d(w) = 29899*w - 29870. Give d(1).
29
Let m(s) = -73*s**2 + 3956*s - 82. Determine m(54).
674
Let d(y) = -3*y**3 - 789*y**2 - 2341*y - 246. Give d(-260).
14
Let j(p) = 10011*p + 140530. Calculate j(-14).
376
Let i(d) = -d**3 + 58*d**2 + 125*d - 33686. Give i(41).
16
Let m(z) = 3*z**3 - 16*z**2 + 25*z - 163. Calculate m(5).
-63
Let f(r) = -r**3 - 65*r**2 - 103*r - 317. Determine f(-63).
-1766
Let g(c) = -c**3 + 60*c**2 + 388*c + 18. Determine g(-6).
66
Let j(s) = -2397*s + 59881. Calculate j(25).
-44
Let t(i) = 3*i**3 + 20*i**2 + 74*i + 128. Give t(-8).
-720
Let l(v) = 6317*v - 12820. Determine l(2).
-186
Let p(t) = 69*t**2 + 4162*t - 16247. Give p(-64).
9
Let a(c) = -4*c**3 - 2*c**2 - 372*c - 726. Determine a(-2).
42
Let t(l) = -7*l**2 + 469*l - 82. What is t(66)?
380
Let m(h) = h**3 + 15*h**2 - 5510*h - 1296. What is m(-82)?
16
Let y(p) = 70*p + 4991. Calculate y(-83).
-819
Let l(f) = -5061*f - 20257. Give l(-4).
-13
Let c(j) = -241*j - 2665. Determine c(-12).
227
Let o(b) = -37*b + 1073. Calculate o(43).
-518
Let v(d) = -1361*d + 204111. What is v(150)?
-39
Let z(i) = 3826*i - 68857. What is z(18)?
11
Let z(m) = 2*m**3 + 644*m**2 + 34582*m + 2581. What is z(-68)?
-3
Let q(p) = 634*p + 5278. Calculate q(-9).
-428
Let d(a) = 6*a**2 - 553*a - 3135. Determine d(-6).
399
Let r(b) = b**3 - 133*b**2 - 982*b + 573. Determine r(140).
293
Let y(m) = -2*m**2 + 1116*m + 8991. Determine y(-8).
-65
Let p(j) = -4*j**2 - 796*j - 16195. What is p(-21)?
-1243
Let z(j) = 415*j - 3488. Determine z(10).
662
Let f(c) = -3*c**3 - 512*c**2 - 1347*c - 490. Give f(-168).
14
Let w(n) = -n**3 + 21*n**2 - 50*n - 22. What is w(12)?
674
Let b(y) = y**3 + 19*y**2 + 70*y + 494. What is b(-21)?
-1858
Let m(d) = -d**3 + 2*d**2 + 7675*d - 30712. Give m(4).
-44
Let u(i) = 33*i**2 + 2265*i - 29997. What is u(-80)?
3
Let j(g) = 99*g + 2424. What is j(-44)?
-1932
Let k(z) = 3*z**2 - 33709*z - 1149578. What is k(-34)?
-4
Let z(x) = x**2 - 69*x + 884. Determine z(13).
156
Let w(s) = 20362*s + 1404968. Determine w(-69).
-10
Let q(j) = -1901*j - 11652. Calculate q(-6).
-246
Let b(l) = 5*l**2 + 77*l - 338. Give b(3).
-62
Let q(m) = -283*m - 8973. Give q(-31).
-200
Let a(x) = -6*x**2 + 140*x - 53. What is a(17)?
593
Let a(k) = 110*k**2 + 1783*k - 1783. Calculate a(1).
110
Let j(n) = -17*n**3 - 107*n**2 - 230*n - 22. Give j(-5).
578
Let y(d) = 4*d**3 + 16*d**2 + 219*d + 617. Determine y(-3).
-4
Let k(b) = -74*b**3 + 13*b + 23. What is k(-2)?
589
Let m(a) = 1542*a + 64713. Give m(-42).
-51
Let y(i) = 539*i + 31273. Calculate y(-58).
11
Let t(m) = -97*m**2 - 362*m - 375. Calculate t(-8).
-3687
Let z(v) = v**3 - 122*v**2 - 3851*v + 516. Give z(148).
72
Let v(i) = -10*i**2 - 179*i - 411. Calculate v(-6).
303
Let f(p) = 4*p**2 - 63*p - 612. What is f(-9)?
279
Let j(d) = -157*d**2 - 718*d - 350. Give j(-4).
10
Let v(j) = -j**3 - 33*j**2 - 14394*j - 354848. Give v(-25).
2
Let y(c) = -4*c**2 + 760*c - 16702. What is y(22)?
-1918
Let g(r) = 2*r**2 + 11228*r - 864879. What is g(76)?
1
Let h(a) = -3*a**2 + 567*a + 69883. Calculate h(-85).
13
Let o(a) = 19*a**2 - 229*a - 834. What is o(15)?
6
Let r(t) = 32432*t - 3599951. Determine r(111).
1
Let a(j) = 6*j**3 - 3*j**2 - 116*j - 14. Calculate a(-4).
18
Let j(h) = 11*h**2 - 76*h - 789. What is j(12)?
-117
Let h(r) = 18*r**2 + 540*r - 785. Give h(-23).
-3683
Let r(g) = 32946*g + 230470. What is r(-7)?
-152
Let x(y) = 3737*y + 14962. Determine x(-4).
14
Let z(u) = 740*u - 270759. What is z(366)?
81
Let v(a) = -460*a**2 - 51063*a - 341. Give v(-111).
-8
Let b(l) = -l**3 - 4*l**2 - 18*l - 149. Determine b(-6).
31
Let a(n) = -922*n**2 + 42418*n - 139. What is a(46)?
137
Let m(b) = -b**3 + 47*b**2 + 578*b + 189. Determine m(57).
645
Let f(t) = 3*t**2 + 161*t + 2068. Determine f(-21).
10
Let b(c) = c**3 + 83*c**2 - 902*c + 671. Calculate b(9).
5
Let o(q) = 3109*q + 5377. Give o(-2).
-841
Let o(f) = -5*f**3 - 32*f**2 + 292*f - 35. Calculate o(5).
0
Let c(s) = -1111*s - 36670. Calculate c(-33).
-7
Let f(b) = 3*b**2 + 799*b + 5979. Calculate f(-8).
-221
Let d(c) = -2*c**2 + 67*c + 1542. Give d(42).
828
Let p(d) = 139344*d - 696755. What is p(5)?
-35
Let u(r) = 2*r**3 + 39*r**2 - 165*r + 17009. Give u(-31).
21
Let k(q) = 3*q**2 + 2829*q - 792629. What is k(-1169)?
-47
Let h(r) = -688*r - 20354. Give h(-28).
-1090
Let r(j) = 12*j**3 - 17*j**2 + 40*j - 21. Determine r(3).
270
Let r(t) = -t**2 + 1278*t + 66397. Determine r(-50).
-3
Let g(l) = -13228*l + 159376. Give g(12).
640
Let f(m) = 421*m + 36747. Determine f(-87).
120
Let j(u) = 6466*u - 13029. What is j(2)?
-97
Let o(h) = 4413*h - 4360. Calculate o(1).
53
Let i(h) = 22*h**2 + 482*h - 2663. Calculate i(5).
297
Let x(l) = l**3 - 194*l**2 - 56*l + 48051. Calculate x(193).
-6
Let j(r) = -29*r**2 - 2781*r - 24899. Calculate j(-10).
11
Let t(i) = 1294*i - 23257. Determine t(18).
35
Let l(g) = -4*g**2 - 128*g + 11527. Give l(50).
-4873
Let r(s) = s**2 - 76*s + 811. Give r(63).
-8
Let u(d) = -116*d -